{"id":293,"date":"2024-02-23T15:02:13","date_gmt":"2024-02-23T14:02:13","guid":{"rendered":"https:\/\/terres-d-ailes.fr\/?page_id=293"},"modified":"2024-05-13T17:15:36","modified_gmt":"2024-05-13T15:15:36","slug":"mariage-de-cristal-et-de-raku-objets-en-vente","status":"publish","type":"page","link":"https:\/\/terres-d-ailes.fr\/index.php\/mariage-de-cristal-et-de-raku-objets-en-vente\/","title":{"rendered":"Ma recyclerie"},"content":{"rendered":"\n<p>Mariage de cristal et de raku, objets en vente.<\/p>\n\n\n\n<figure class=\"wp-block-gallery has-nested-images columns-default is-cropped wp-block-gallery-1 is-layout-flex wp-block-gallery-is-layout-flex\">\n<figure class=\"wp-block-image size-large\"><img loading=\"lazy\" decoding=\"async\" width=\"1024\" height=\"768\" data-id=\"194\" src=\"https:\/\/terres-d-ailes.fr\/wp-content\/uploads\/2024\/02\/20230712_104757-1-1-1024x768.jpg\" alt=\"\" class=\"wp-image-194\" srcset=\"https:\/\/terres-d-ailes.fr\/wp-content\/uploads\/2024\/02\/20230712_104757-1-1-1024x768.jpg 1024w, https:\/\/terres-d-ailes.fr\/wp-content\/uploads\/2024\/02\/20230712_104757-1-1-300x225.jpg 300w, https:\/\/terres-d-ailes.fr\/wp-content\/uploads\/2024\/02\/20230712_104757-1-1-2000x1500.jpg 2000w\" sizes=\"auto, (max-width: 1024px) 100vw, 1024px\" \/><figcaption class=\"wp-element-caption\"><strong>H 12 cm, Diam 9 cm                                                       47\u20ac<\/strong><\/figcaption><\/figure>\n\n\n\n<figure class=\"wp-block-image size-large\"><img loading=\"lazy\" decoding=\"async\" width=\"823\" height=\"1024\" data-id=\"195\" src=\"https:\/\/terres-d-ailes.fr\/wp-content\/uploads\/2024\/02\/20230712_104830-1-823x1024.jpg\" alt=\"\" class=\"wp-image-195\" srcset=\"https:\/\/terres-d-ailes.fr\/wp-content\/uploads\/2024\/02\/20230712_104830-1-823x1024.jpg 823w, https:\/\/terres-d-ailes.fr\/wp-content\/uploads\/2024\/02\/20230712_104830-1-241x300.jpg 241w, https:\/\/terres-d-ailes.fr\/wp-content\/uploads\/2024\/02\/20230712_104830-1-2000x2488.jpg 2000w\" sizes=\"auto, (max-width: 823px) 100vw, 823px\" \/><\/figure>\n\n\n\n<figure class=\"wp-block-image size-large\"><img loading=\"lazy\" decoding=\"async\" width=\"1024\" height=\"768\" data-id=\"192\" src=\"https:\/\/terres-d-ailes.fr\/wp-content\/uploads\/2024\/02\/20230712_104721-1-1024x768.jpg\" alt=\"\" class=\"wp-image-192\" srcset=\"https:\/\/terres-d-ailes.fr\/wp-content\/uploads\/2024\/02\/20230712_104721-1-1024x768.jpg 1024w, https:\/\/terres-d-ailes.fr\/wp-content\/uploads\/2024\/02\/20230712_104721-1-300x225.jpg 300w, https:\/\/terres-d-ailes.fr\/wp-content\/uploads\/2024\/02\/20230712_104721-1-2000x1500.jpg 2000w\" sizes=\"auto, (max-width: 1024px) 100vw, 1024px\" \/><figcaption class=\"wp-element-caption\"><strong>H 12 cm, Diam 9 cm                                                       47\u20ac<\/strong><\/figcaption><\/figure>\n<\/figure>\n","protected":false},"excerpt":{"rendered":"<p>Mariage de cristal et de raku, objets en vente.<\/p>\n","protected":false},"author":1,"featured_media":197,"parent":0,"menu_order":0,"comment_status":"closed","ping_status":"closed","template":"","meta":{"footnotes":""},"class_list":["post-293","page","type-page","status-publish","has-post-thumbnail","hentry"],"yoast_head":"<!-- This site is optimized with the Yoast SEO plugin v22.7 - https:\/\/yoast.com\/wordpress\/plugins\/seo\/ -->\n<title>Ma recyclerie - Terres d&#039;Ailes Mariage de cristal et de raku objets en vente.<\/title>\n<meta name=\"description\" content=\"Mariage de cristal et de raku, objets en vente. terres d&#039;ailes cr\u00e9ations poterie c\u00e9ramiques id\u00e9es cadeaux recyclage\" \/>\n<meta name=\"robots\" content=\"index, follow, max-snippet:-1, max-image-preview:large, max-video-preview:-1\" \/>\n<link rel=\"canonical\" href=\"https:\/\/terres-d-ailes.fr\/index.php\/mariage-de-cristal-et-de-raku-objets-en-vente\/\" \/>\n<meta property=\"og:locale\" content=\"fr_FR\" \/>\n<meta property=\"og:type\" content=\"article\" \/>\n<meta property=\"og:title\" content=\"Ma recyclerie - Terres d&#039;Ailes Mariage de cristal et de raku objets en vente.\" \/>\n<meta property=\"og:description\" content=\"Mariage de cristal et de raku, objets en vente. terres d&#039;ailes cr\u00e9ations poterie c\u00e9ramiques id\u00e9es cadeaux recyclage\" \/>\n<meta property=\"og:url\" content=\"https:\/\/terres-d-ailes.fr\/index.php\/mariage-de-cristal-et-de-raku-objets-en-vente\/\" \/>\n<meta property=\"og:site_name\" content=\"Terres d&#039;Ailes\" \/>\n<meta property=\"article:modified_time\" content=\"2024-05-13T15:15:36+00:00\" \/>\n<meta property=\"og:image\" content=\"http:\/\/terres-d-ailes.fr\/wp-content\/uploads\/2024\/02\/20230712_105124-1-rotated.jpg\" \/>\n\t<meta property=\"og:image:width\" content=\"1200\" \/>\n\t<meta property=\"og:image:height\" content=\"1600\" \/>\n\t<meta property=\"og:image:type\" content=\"image\/jpeg\" \/>\n<meta name=\"twitter:card\" content=\"summary_large_image\" \/>\n<meta name=\"twitter:label1\" content=\"Dur\u00e9e de lecture estim\u00e9e\" \/>\n\t<meta name=\"twitter:data1\" content=\"1 minute\" \/>\n<script type=\"application\/ld+json\" class=\"yoast-schema-graph\">{\"@context\":\"https:\/\/schema.org\",\"@graph\":[{\"@type\":\"WebPage\",\"@id\":\"https:\/\/terres-d-ailes.fr\/index.php\/mariage-de-cristal-et-de-raku-objets-en-vente\/\",\"url\":\"https:\/\/terres-d-ailes.fr\/index.php\/mariage-de-cristal-et-de-raku-objets-en-vente\/\",\"name\":\"Ma recyclerie - Terres d&#039;Ailes Mariage de cristal et de raku objets en vente.\",\"isPartOf\":{\"@id\":\"https:\/\/terres-d-ailes.fr\/#website\"},\"primaryImageOfPage\":{\"@id\":\"https:\/\/terres-d-ailes.fr\/index.php\/mariage-de-cristal-et-de-raku-objets-en-vente\/#primaryimage\"},\"image\":{\"@id\":\"https:\/\/terres-d-ailes.fr\/index.php\/mariage-de-cristal-et-de-raku-objets-en-vente\/#primaryimage\"},\"thumbnailUrl\":\"https:\/\/terres-d-ailes.fr\/wp-content\/uploads\/2024\/02\/20230712_105124-1-rotated.jpg\",\"datePublished\":\"2024-02-23T14:02:13+00:00\",\"dateModified\":\"2024-05-13T15:15:36+00:00\",\"description\":\"Mariage de cristal et de raku, objets en vente. terres d'ailes cr\u00e9ations poterie c\u00e9ramiques id\u00e9es cadeaux recyclage\",\"breadcrumb\":{\"@id\":\"https:\/\/terres-d-ailes.fr\/index.php\/mariage-de-cristal-et-de-raku-objets-en-vente\/#breadcrumb\"},\"inLanguage\":\"fr-FR\",\"potentialAction\":[{\"@type\":\"ReadAction\",\"target\":[\"https:\/\/terres-d-ailes.fr\/index.php\/mariage-de-cristal-et-de-raku-objets-en-vente\/\"]}]},{\"@type\":\"ImageObject\",\"inLanguage\":\"fr-FR\",\"@id\":\"https:\/\/terres-d-ailes.fr\/index.php\/mariage-de-cristal-et-de-raku-objets-en-vente\/#primaryimage\",\"url\":\"https:\/\/terres-d-ailes.fr\/wp-content\/uploads\/2024\/02\/20230712_105124-1-rotated.jpg\",\"contentUrl\":\"https:\/\/terres-d-ailes.fr\/wp-content\/uploads\/2024\/02\/20230712_105124-1-rotated.jpg\",\"width\":1200,\"height\":1600},{\"@type\":\"BreadcrumbList\",\"@id\":\"https:\/\/terres-d-ailes.fr\/index.php\/mariage-de-cristal-et-de-raku-objets-en-vente\/#breadcrumb\",\"itemListElement\":[{\"@type\":\"ListItem\",\"position\":1,\"name\":\"Accueil\",\"item\":\"https:\/\/terres-d-ailes.fr\/\"},{\"@type\":\"ListItem\",\"position\":2,\"name\":\"Ma recyclerie\"}]},{\"@type\":\"WebSite\",\"@id\":\"https:\/\/terres-d-ailes.fr\/#website\",\"url\":\"https:\/\/terres-d-ailes.fr\/\",\"name\":\"Terres d'Ailes\",\"description\":\"Conjuguer les mots \u00e0 la terre et sentir nos ailes se d\u00e9ployer\",\"potentialAction\":[{\"@type\":\"SearchAction\",\"target\":{\"@type\":\"EntryPoint\",\"urlTemplate\":\"https:\/\/terres-d-ailes.fr\/?s={search_term_string}\"},\"query-input\":\"required name=search_term_string\"}],\"inLanguage\":\"fr-FR\"}]}<\/script>\n<!-- \/ Yoast SEO plugin. -->","yoast_head_json":{"title":"Ma recyclerie - Terres d&#039;Ailes Mariage de cristal et de raku objets en vente.","description":"Mariage de cristal et de raku, objets en vente. terres d'ailes cr\u00e9ations poterie c\u00e9ramiques id\u00e9es cadeaux recyclage","robots":{"index":"index","follow":"follow","max-snippet":"max-snippet:-1","max-image-preview":"max-image-preview:large","max-video-preview":"max-video-preview:-1"},"canonical":"https:\/\/terres-d-ailes.fr\/index.php\/mariage-de-cristal-et-de-raku-objets-en-vente\/","og_locale":"fr_FR","og_type":"article","og_title":"Ma recyclerie - Terres d&#039;Ailes Mariage de cristal et de raku objets en vente.","og_description":"Mariage de cristal et de raku, objets en vente. terres d'ailes cr\u00e9ations poterie c\u00e9ramiques id\u00e9es cadeaux recyclage","og_url":"https:\/\/terres-d-ailes.fr\/index.php\/mariage-de-cristal-et-de-raku-objets-en-vente\/","og_site_name":"Terres d&#039;Ailes","article_modified_time":"2024-05-13T15:15:36+00:00","og_image":[{"width":1200,"height":1600,"url":"http:\/\/terres-d-ailes.fr\/wp-content\/uploads\/2024\/02\/20230712_105124-1-rotated.jpg","type":"image\/jpeg"}],"twitter_card":"summary_large_image","twitter_misc":{"Dur\u00e9e de lecture estim\u00e9e":"1 minute"},"schema":{"@context":"https:\/\/schema.org","@graph":[{"@type":"WebPage","@id":"https:\/\/terres-d-ailes.fr\/index.php\/mariage-de-cristal-et-de-raku-objets-en-vente\/","url":"https:\/\/terres-d-ailes.fr\/index.php\/mariage-de-cristal-et-de-raku-objets-en-vente\/","name":"Ma recyclerie - Terres d&#039;Ailes Mariage de cristal et de raku objets en vente.","isPartOf":{"@id":"https:\/\/terres-d-ailes.fr\/#website"},"primaryImageOfPage":{"@id":"https:\/\/terres-d-ailes.fr\/index.php\/mariage-de-cristal-et-de-raku-objets-en-vente\/#primaryimage"},"image":{"@id":"https:\/\/terres-d-ailes.fr\/index.php\/mariage-de-cristal-et-de-raku-objets-en-vente\/#primaryimage"},"thumbnailUrl":"https:\/\/terres-d-ailes.fr\/wp-content\/uploads\/2024\/02\/20230712_105124-1-rotated.jpg","datePublished":"2024-02-23T14:02:13+00:00","dateModified":"2024-05-13T15:15:36+00:00","description":"Mariage de cristal et de raku, objets en vente. terres d'ailes cr\u00e9ations poterie c\u00e9ramiques id\u00e9es cadeaux recyclage","breadcrumb":{"@id":"https:\/\/terres-d-ailes.fr\/index.php\/mariage-de-cristal-et-de-raku-objets-en-vente\/#breadcrumb"},"inLanguage":"fr-FR","potentialAction":[{"@type":"ReadAction","target":["https:\/\/terres-d-ailes.fr\/index.php\/mariage-de-cristal-et-de-raku-objets-en-vente\/"]}]},{"@type":"ImageObject","inLanguage":"fr-FR","@id":"https:\/\/terres-d-ailes.fr\/index.php\/mariage-de-cristal-et-de-raku-objets-en-vente\/#primaryimage","url":"https:\/\/terres-d-ailes.fr\/wp-content\/uploads\/2024\/02\/20230712_105124-1-rotated.jpg","contentUrl":"https:\/\/terres-d-ailes.fr\/wp-content\/uploads\/2024\/02\/20230712_105124-1-rotated.jpg","width":1200,"height":1600},{"@type":"BreadcrumbList","@id":"https:\/\/terres-d-ailes.fr\/index.php\/mariage-de-cristal-et-de-raku-objets-en-vente\/#breadcrumb","itemListElement":[{"@type":"ListItem","position":1,"name":"Accueil","item":"https:\/\/terres-d-ailes.fr\/"},{"@type":"ListItem","position":2,"name":"Ma recyclerie"}]},{"@type":"WebSite","@id":"https:\/\/terres-d-ailes.fr\/#website","url":"https:\/\/terres-d-ailes.fr\/","name":"Terres d'Ailes","description":"Conjuguer les mots \u00e0 la terre et sentir nos ailes se d\u00e9ployer","potentialAction":[{"@type":"SearchAction","target":{"@type":"EntryPoint","urlTemplate":"https:\/\/terres-d-ailes.fr\/?s={search_term_string}"},"query-input":"required name=search_term_string"}],"inLanguage":"fr-FR"}]}},"_links":{"self":[{"href":"https:\/\/terres-d-ailes.fr\/index.php\/wp-json\/wp\/v2\/pages\/293","targetHints":{"allow":["GET"]}}],"collection":[{"href":"https:\/\/terres-d-ailes.fr\/index.php\/wp-json\/wp\/v2\/pages"}],"about":[{"href":"https:\/\/terres-d-ailes.fr\/index.php\/wp-json\/wp\/v2\/types\/page"}],"author":[{"embeddable":true,"href":"https:\/\/terres-d-ailes.fr\/index.php\/wp-json\/wp\/v2\/users\/1"}],"replies":[{"embeddable":true,"href":"https:\/\/terres-d-ailes.fr\/index.php\/wp-json\/wp\/v2\/comments?post=293"}],"version-history":[{"count":1,"href":"https:\/\/terres-d-ailes.fr\/index.php\/wp-json\/wp\/v2\/pages\/293\/revisions"}],"predecessor-version":[{"id":294,"href":"https:\/\/terres-d-ailes.fr\/index.php\/wp-json\/wp\/v2\/pages\/293\/revisions\/294"}],"wp:featuredmedia":[{"embeddable":true,"href":"https:\/\/terres-d-ailes.fr\/index.php\/wp-json\/wp\/v2\/media\/197"}],"wp:attachment":[{"href":"https:\/\/terres-d-ailes.fr\/index.php\/wp-json\/wp\/v2\/media?parent=293"}],"curies":[{"name":"wp","href":"https:\/\/api.w.org\/{rel}","templated":true}]}}

<!-- This site is optimized with the Yoast SEO plugin v22.7 - https://yoast.com/wordpress/plugins/seo/ -->
<title>Ma recyclerie - Terres d&#039;Ailes Mariage de cristal et de raku objets en vente.</title>
<meta name="description" content="Mariage de cristal et de raku, objets en vente. terres d&#039;ailes créations poterie céramiques idées cadeaux recyclage" />
<meta name="robots" content="index, follow, max-snippet:-1, max-image-preview:large, max-video-preview:-1" />
<link rel="canonical" href="https://terres-d-ailes.fr/index.php/mariage-de-cristal-et-de-raku-objets-en-vente/" />
<meta property="og:locale" content="fr_FR" />
<meta property="og:type" content="article" />
<meta property="og:title" content="Ma recyclerie - Terres d&#039;Ailes Mariage de cristal et de raku objets en vente." />
<meta property="og:description" content="Mariage de cristal et de raku, objets en vente. terres d&#039;ailes créations poterie céramiques idées cadeaux recyclage" />
<meta property="og:url" content="https://terres-d-ailes.fr/index.php/mariage-de-cristal-et-de-raku-objets-en-vente/" />
<meta property="og:site_name" content="Terres d&#039;Ailes" />
<meta property="article:modified_time" content="2024-05-13T15:15:36+00:00" />
<meta property="og:image" content="http://terres-d-ailes.fr/wp-content/uploads/2024/02/20230712_105124-1-rotated.jpg" />
	<meta property="og:image:width" content="1200" />
	<meta property="og:image:height" content="1600" />
	<meta property="og:image:type" content="image/jpeg" />
<meta name="twitter:card" content="summary_large_image" />
<meta name="twitter:label1" content="Durée de lecture estimée" />
	<meta name="twitter:data1" content="1 minute" />
<script type="application/ld+json" class="yoast-schema-graph">{"@context":"https://schema.org","@graph":[{"@type":"WebPage","@id":"https://terres-d-ailes.fr/index.php/mariage-de-cristal-et-de-raku-objets-en-vente/","url":"https://terres-d-ailes.fr/index.php/mariage-de-cristal-et-de-raku-objets-en-vente/","name":"Ma recyclerie - Terres d&#039;Ailes Mariage de cristal et de raku objets en vente.","isPartOf":{"@id":"https://terres-d-ailes.fr/#website"},"primaryImageOfPage":{"@id":"https://terres-d-ailes.fr/index.php/mariage-de-cristal-et-de-raku-objets-en-vente/#primaryimage"},"image":{"@id":"https://terres-d-ailes.fr/index.php/mariage-de-cristal-et-de-raku-objets-en-vente/#primaryimage"},"thumbnailUrl":"https://terres-d-ailes.fr/wp-content/uploads/2024/02/20230712_105124-1-rotated.jpg","datePublished":"2024-02-23T14:02:13+00:00","dateModified":"2024-05-13T15:15:36+00:00","description":"Mariage de cristal et de raku, objets en vente. terres d'ailes créations poterie céramiques idées cadeaux recyclage","breadcrumb":{"@id":"https://terres-d-ailes.fr/index.php/mariage-de-cristal-et-de-raku-objets-en-vente/#breadcrumb"},"inLanguage":"fr-FR","potentialAction":[{"@type":"ReadAction","target":["https://terres-d-ailes.fr/index.php/mariage-de-cristal-et-de-raku-objets-en-vente/"]}]},{"@type":"ImageObject","inLanguage":"fr-FR","@id":"https://terres-d-ailes.fr/index.php/mariage-de-cristal-et-de-raku-objets-en-vente/#primaryimage","url":"https://terres-d-ailes.fr/wp-content/uploads/2024/02/20230712_105124-1-rotated.jpg","contentUrl":"https://terres-d-ailes.fr/wp-content/uploads/2024/02/20230712_105124-1-rotated.jpg","width":1200,"height":1600},{"@type":"BreadcrumbList","@id":"https://terres-d-ailes.fr/index.php/mariage-de-cristal-et-de-raku-objets-en-vente/#breadcrumb","itemListElement":[{"@type":"ListItem","position":1,"name":"Accueil","item":"https://terres-d-ailes.fr/"},{"@type":"ListItem","position":2,"name":"Ma recyclerie"}]},{"@type":"WebSite","@id":"https://terres-d-ailes.fr/#website","url":"https://terres-d-ailes.fr/","name":"Terres d'Ailes","description":"Conjuguer les mots à la terre et sentir nos ailes se déployer","potentialAction":[{"@type":"SearchAction","target":{"@type":"EntryPoint","urlTemplate":"https://terres-d-ailes.fr/?s={search_term_string}"},"query-input":"required name=search_term_string"}],"inLanguage":"fr-FR"}]}</script>
<!-- / Yoast SEO plugin. -->

Mariage de cristal et de raku, objets en vente. terres d'ailes créations poterie céramiques idées cadeaux recyclage

Conjuguer les mots à la terre et sentir nos ailes se déployer
